{"id":557,"date":"2009-06-28T09:54:11","date_gmt":"2009-06-28T07:54:11","guid":{"rendered":"http:\/\/www.peches-mignons.fr\/?page_id=557"},"modified":"2009-07-16T07:30:06","modified_gmt":"2009-07-16T05:30:06","slug":"recapitulatif-des-recettes","status":"publish","type":"page","link":"https:\/\/www.peches-mignons.fr\/?page_id=557","title":{"rendered":"R\u00e9capitulatif des recettes"},"content":{"rendered":"<p style=\"text-align: center\"><img loading=\"lazy\" decoding=\"async\" src=\"http:\/\/www.peches-mignons.fr\/wp-content\/uploads\/2009\/06\/Log_salee.jpg\" alt=\"Log_salee.jpg\" title=\"Log_salee.jpg\" border=\"0\" height=\"74\" width=\"337\" \/><\/p>\n<p align=\"center\"><strong><span style=\"font-size: 12pt\">Terrine printani\u00e8re au Roquefort <\/span><\/strong><\/p>\n<p align=\"center\"><a href=\"http:\/\/lacuisinededoria.over-blog.com\/article-33105437.html\" target=\"_blank\"><img loading=\"lazy\" decoding=\"async\" src=\"http:\/\/www.peches-mignons.fr\/wp-content\/uploads\/2009\/06\/Terrine_Doria.jpg\" style=\"border-width: 0px; width: 400px; height: 266px\" alt=\"Terrine_Doria\" title=\"Terrine_Doria\" border=\"0\" height=\"266\" width=\"400\" \/><\/a><\/p>\n<p align=\"center\">&nbsp;<\/p>\n<p align=\"center\"><span style=\"font-size: 12pt\"><strong>Cake au surimi et tomates cerises<\/strong><\/span><\/p>\n<p align=\"center\"><a href=\"http:\/\/stellla.over-blog.com\/article-33265323.html\" target=\"_blank\"><img loading=\"lazy\" decoding=\"async\" src=\"http:\/\/www.peches-mignons.fr\/wp-content\/uploads\/2009\/07\/Terrine_Isabelle.jpg\" style=\"border-width: 0px; width: 400px; height: 300px\" alt=\"Terrine_Isabelle\" title=\"Terrine_Isabelle\" border=\"0\" height=\"300\" width=\"400\" \/><\/a><\/p>\n<p align=\"center\">&nbsp;<\/p>\n<p align=\"center\"><strong><span style=\"font-size: 12pt\">Terrinede poisson \u00e0 la courgette et au poivron<\/span><\/strong><\/p>\n<p align=\"center\"><a href=\"http:\/\/lapopottedemissfa.over-blog.com\/article-33125301.html\" target=\"_blank\"><img loading=\"lazy\" decoding=\"async\" src=\"http:\/\/www.peches-mignons.fr\/wp-content\/uploads\/2009\/07\/Terrine_Fanny.jpg\" style=\"border-width: 0px; width: 298px; height: 226px\" alt=\"Terrine_Fanny \" title=\"Terrine_Fanny \" border=\"0\" height=\"226\" width=\"298\" \/><\/a><\/p>\n<p align=\"center\">&nbsp;<\/p>\n<p align=\"center\"><span style=\"font-size: 12pt\"><strong>Catherine n&rsquo;a pas de blog et je vous propose de d\u00e9couvrir sa recette de Terrine courgette-saumon<\/strong><\/span><\/p>\n<p align=\"center\">&nbsp;<\/p>\n<p align=\"center\"><img loading=\"lazy\" decoding=\"async\" src=\"http:\/\/www.peches-mignons.fr\/wp-content\/uploads\/2009\/07\/Terrine_Catherine.jpg\" style=\"border-width: 0px; width: 401px; height: 329px\" alt=\"Terrine_Catherine\" title=\"Terrine_Catherine\" border=\"0\" height=\"329\" width=\"401\" \/><\/p>\n<p align=\"left\">\u00a0Ingr\u00e9dients :<\/p>\n<p align=\"left\">? 300 g de saumon cru<br \/>\n? 6 courgettes<br \/>\n? 4 \u0153ufs<br \/>\n? 1 pot moyen de cr\u00e8me fra\u00eeche<br \/>\n? 3 c \u00e0 soupe de gruy\u00e8re<br \/>\n? 1 noisette de beurre<\/p>\n<p align=\"left\">? du sel et du poivre<\/p>\n<p>Pr\u00e9paration :<\/p>\n<p>* Beurrer un moule \u00e0 cake.<br \/>\n* Laver les courgettes. Les couper en morceaux, les mettre dans une grande casserole d&rsquo;eau sal\u00e9e et les faire cuire 25 min \u00e0 feu vif.<br \/>\n* Battre ensemble les \u0153ufs, la cr\u00e8me fra\u00eeche, le gruy\u00e8re, le sel et le poivre dans un saladier.<br \/>\n* \u00c9craser les courgettes dans une passoire et les m\u00e9langer aux \u0153ufs.<br \/>\n* Allumer le four \u00e0 200\u00b0C.<br \/>\n* Couper le saumon en grosses bandes.<br \/>\n* Verser la moiti\u00e9 du saladier dans un moule \u00e0 cake et poser les bandes de saumon sur les courgettes.<br \/>\n* Verser le reste du saladier dans le moule.<br \/>\n* Mettre au four pendant 45 min.<br \/>\n* Laisser refroidir la terrine et la d\u00e9mouler juste avant de servir.<\/p>\n<p align=\"center\">&nbsp;<\/p>\n<p align=\"center\"><strong><span style=\"font-size: 12pt\">Terrine faisselle de ch\u00e8vre, menthe et courgettes<\/span><\/strong><\/p>\n<p align=\"center\"><a href=\"http:\/\/www.lesepicesrient.fr\/07\/2009\/terrine-faisselle-chevre-menthe-courgettes\/\" target=\"_blank\"><img loading=\"lazy\" decoding=\"async\" src=\"http:\/\/www.peches-mignons.fr\/wp-content\/uploads\/2009\/07\/Terrine_Celine.jpg\" style=\"border-width: 0px; width: 500px; height: 307px\" alt=\"Terrine_Celine\" title=\"Terrine_Celine\" border=\"0\" height=\"307\" width=\"500\" \/><\/a><\/p>\n<p align=\"center\">&nbsp;<\/p>\n<p align=\"center\"><span style=\"font-size: 12pt\"><strong>Terrine de poulet aux petits l\u00e9gumes et au cumin<\/strong><\/span><\/p>\n<p align=\"center\"><a href=\"http:\/\/christlor.sirdelor.net\/index.php?option=com_content&amp;view=article&amp;id=596:-terrine-de-poulet-aux-petits-legumes-et-au-cumin-&amp;catid=34:entrees&amp;Itemid=84\" target=\"_blank\"><img loading=\"lazy\" decoding=\"async\" src=\"http:\/\/www.peches-mignons.fr\/wp-content\/uploads\/2009\/07\/Terrine_Christelle.jpg\" style=\"border-width: 0px; width: 400px; height: 300px\" alt=\"Terrine_Christelle \" title=\"Terrine_Christelle \" border=\"0\" height=\"300\" width=\"400\" \/><\/a><\/p>\n<p align=\"center\">&nbsp;<\/p>\n<p align=\"center\"><strong><span style=\"font-size: 12pt\">Terrine de ch\u00e8vre frais &amp; l\u00e9gumes et son coulis de poivron<\/span><\/strong><\/p>\n<p align=\"center\"><a href=\"http:\/\/annellenor.canalblog.com\/archives\/2009\/07\/15\/14147778.html\" target=\"_blank\"><img loading=\"lazy\" decoding=\"async\" src=\"http:\/\/www.peches-mignons.fr\/wp-content\/uploads\/2009\/07\/Terrine_Annellenor.jpg\" style=\"border-width: 0px; width: 266px; height: 400px\" alt=\"Terrine_Annellenor \" title=\"Terrine_Annellenor \" border=\"0\" height=\"400\" width=\"266\" \/><\/a><\/p>\n<p align=\"center\">&nbsp;<\/p>\n<p align=\"center\"><strong><span style=\"font-size: 12pt\">Terrine aux asperges<\/span><\/strong><\/p>\n<p align=\"center\"><a href=\"http:\/\/cuisinekarine.over-blog.net\/article-33783801.html\" target=\"_blank\"><img loading=\"lazy\" decoding=\"async\" src=\"http:\/\/www.peches-mignons.fr\/wp-content\/uploads\/2009\/07\/Terrine_Carine.jpg\" style=\"border-width: 0px; width: 400px; height: 268px\" alt=\"Terrine_Carine \" title=\"Terrine_Carine \" border=\"0\" height=\"268\" width=\"400\" \/><\/a><\/p>\n<p align=\"center\">&nbsp;<\/p>\n<p align=\"center\">&nbsp;<\/p>\n<p align=\"center\">&nbsp;<\/p>\n<p align=\"center\"><img loading=\"lazy\" decoding=\"async\" src=\"http:\/\/www.peches-mignons.fr\/wp-content\/uploads\/2009\/06\/Log_sucree.jpg\" alt=\"Log_sucree.jpg\" title=\"Log_sucree.jpg\" border=\"0\" height=\"74\" width=\"338\" \/><\/p>\n<p align=\"center\">&nbsp;<\/p>\n<p align=\"center\"><strong><span style=\"font-size: 12pt\">Terrine de riz au lait \u00e0 la framboise<\/span><\/strong><\/p>\n<p align=\"center\"><a href=\"http:\/\/saveurpassion.over-blog.com\/article-33030187.html\" target=\"_blank\"><img loading=\"lazy\" decoding=\"async\" src=\"http:\/\/www.peches-mignons.fr\/wp-content\/uploads\/2009\/06\/Terrine_Tiuscha.jpg\" style=\"border-width: 0px; width: 299px; height: 405px\" alt=\"Terrine_Tiuscha \" title=\"Terrine_Tiuscha \" border=\"0\" height=\"405\" width=\"299\" \/><\/a><\/p>\n<p align=\"center\">&nbsp;<\/p>\n<p align=\"center\"><span style=\"font-size: 12pt\"><strong>Terrine aux fruits<\/strong><\/span><\/p>\n<p align=\"center\"><a href=\"http:\/\/saveurslozerienn.canalblog.com\/archives\/2009\/06\/28\/14147777.html\" target=\"_blank\"><img loading=\"lazy\" decoding=\"async\" src=\"http:\/\/www.peches-mignons.fr\/wp-content\/uploads\/2009\/06\/Terrine_fruits.jpg\" style=\"border-width: 0px; width: 400px; height: 255px\" alt=\"Terrine_fruits\" title=\"Terrine_fruits\" border=\"0\" height=\"255\" width=\"400\" \/><\/a><\/p>\n<p align=\"center\">&nbsp;<\/p>\n<p align=\"center\"><span style=\"font-size: 12pt\"><strong>Terrine d&rsquo;\u00e9t\u00e9 yaourt et fruits de la passion<\/strong><\/span><\/p>\n<p align=\"center\"><a href=\"http:\/\/www.lignepapilles.com\/archive\/2009\/06\/28\/terrine-yaourt-fruits-de-la-passion\/\" target=\"_blank\"><img loading=\"lazy\" decoding=\"async\" src=\"http:\/\/www.peches-mignons.fr\/wp-content\/uploads\/2009\/07\/Terrine_Lavande.jpg\" style=\"border-width: 0px; width: 304px; height: 456px\" alt=\"Terrine_Lavande\" title=\"Terrine_Lavande\" border=\"0\" height=\"456\" width=\"304\" \/><\/a><\/p>\n<p align=\"center\">&nbsp;<\/p>\n<p align=\"center\"><strong><span style=\"font-size: 12pt\">Terrine de fruits frais cocolact\u00e9e<\/span><\/strong><\/p>\n<p align=\"center\"><a href=\"http:\/\/artflore.canalblog.com\/archives\/2009\/07\/06\/14298110.html\" target=\"_blank\"><img loading=\"lazy\" decoding=\"async\" src=\"http:\/\/www.peches-mignons.fr\/wp-content\/uploads\/2009\/07\/Terrine_Florence.jpg\" style=\"border-width: 0px; width: 400px; height: 300px\" alt=\"Terrine_Florence\" title=\"Terrine_Florence\" border=\"0\" height=\"300\" width=\"400\" \/><\/a><\/p>\n<p align=\"center\">&nbsp;<\/p>\n<p align=\"center\"><span style=\"font-size: 12pt\"><strong>Charlotterinne aux fruits rouges<\/strong><\/span><\/p>\n<p align=\"center\"><a href=\"http:\/\/123petitsplats.canalblog.com\/archives\/2009\/07\/09\/14313974.html\" target=\"_blank\"><img loading=\"lazy\" decoding=\"async\" src=\"http:\/\/www.peches-mignons.fr\/wp-content\/uploads\/2009\/07\/Terrine_Oceane.jpg\" style=\"border-width: 0px; width: 300px; height: 225px\" alt=\"Terrine_Oceane\" title=\"Terrine_Oceane\" border=\"0\" height=\"225\" width=\"300\" \/><\/a><\/p>\n<p align=\"center\">&nbsp;<\/p>\n<p align=\"center\"><strong><span style=\"font-size: 12pt\">Terrine aux fruits rouges et lait d&rsquo;amande<\/span><\/strong><\/p>\n<p align=\"center\"><a href=\"http:\/\/mirliton.canalblog.com\/archives\/2009\/07\/12\/14373420.html\" target=\"_blank\"><img loading=\"lazy\" decoding=\"async\" src=\"http:\/\/www.peches-mignons.fr\/wp-content\/uploads\/2009\/07\/Terrine_Celine1.jpg\" style=\"border-width: 0px; width: 266px; height: 400px\" alt=\"Terrine_Celine\" title=\"Terrine_Celine\" border=\"0\" height=\"400\" width=\"266\" \/><\/a><\/p>\n<p align=\"center\">&nbsp;<\/p>\n<p align=\"center\"><span style=\"font-size: 12pt\"><strong>Terrine au yaourt et framboise<\/strong><\/span><\/p>\n<p align=\"center\"><a href=\"http:\/\/audeladessaveurs.blogspot.com\/2009\/07\/terrine-au-yaourt-et-framboises.html\" target=\"_blank\"><img loading=\"lazy\" decoding=\"async\" src=\"http:\/\/www.peches-mignons.fr\/wp-content\/uploads\/2009\/07\/Terrine_Annabelle.jpg\" style=\"border-width: 0px; width: 300px; height: 400px\" alt=\"Terrine_Annabelle \" title=\"Terrine_Annabelle \" border=\"0\" height=\"400\" width=\"300\" \/><\/a><\/p>\n<p align=\"center\">&nbsp;<\/p>\n<p align=\"center\"><strong><span style=\"font-size: 12pt\">Terrine Glac\u00e9e saveur vanille aux framboise<\/span><\/strong><\/p>\n<p align=\"center\"><a href=\"http:\/\/alaro.over-blog.com\/article-33745791.html\" target=\"_blank\"><img loading=\"lazy\" decoding=\"async\" src=\"http:\/\/www.peches-mignons.fr\/wp-content\/uploads\/2009\/07\/Terrine_Alaro.jpg\" style=\"border-width: 0px; width: 400px; height: 300px\" alt=\"Terrine_Alaro\" title=\"Terrine_Alaro\" border=\"0\" height=\"300\" width=\"400\" \/><\/a><\/p>\n","protected":false},"excerpt":{"rendered":"<p>Terrine printani\u00e8re au Roquefort &nbsp; Cake au surimi et tomates cerises &nbsp; Terrinede poisson \u00e0 la courgette et au poivron &nbsp; Catherine n&rsquo;a pas de blog et je vous propose de d\u00e9couvrir sa recette de Terrine courgette-saumon &nbsp; \u00a0Ingr\u00e9dients : ? 300 g de saumon cru ? 6 courgettes ? 4 \u0153ufs ? 1 pot &hellip;<\/p>\n","protected":false},"author":1,"featured_media":0,"parent":0,"menu_order":0,"comment_status":"open","ping_status":"open","template":"","meta":{"footnotes":""},"class_list":["post-557","page","type-page","status-publish",""],"aioseo_notices":[],"_links":{"self":[{"href":"https:\/\/www.peches-mignons.fr\/index.php?rest_route=\/wp\/v2\/pages\/557","targetHints":{"allow":["GET"]}}],"collection":[{"href":"https:\/\/www.peches-mignons.fr\/index.php?rest_route=\/wp\/v2\/pages"}],"about":[{"href":"https:\/\/www.peches-mignons.fr\/index.php?rest_route=\/wp\/v2\/types\/page"}],"author":[{"embeddable":true,"href":"https:\/\/www.peches-mignons.fr\/index.php?rest_route=\/wp\/v2\/users\/1"}],"replies":[{"embeddable":true,"href":"https:\/\/www.peches-mignons.fr\/index.php?rest_route=%2Fwp%2Fv2%2Fcomments&post=557"}],"version-history":[{"count":0,"href":"https:\/\/www.peches-mignons.fr\/index.php?rest_route=\/wp\/v2\/pages\/557\/revisions"}],"wp:attachment":[{"href":"https:\/\/www.peches-mignons.fr\/index.php?rest_route=%2Fwp%2Fv2%2Fmedia&parent=557"}],"curies":[{"name":"wp","href":"https:\/\/api.w.org\/{rel}","templated":true}]}}