{"id":6399,"date":"2015-08-13T09:44:34","date_gmt":"2015-08-13T07:44:34","guid":{"rendered":"http:\/\/www.peches-mignons.fr\/?page_id=6399"},"modified":"2022-08-20T10:57:19","modified_gmt":"2022-08-20T08:57:19","slug":"a-propos-2","status":"publish","type":"page","link":"https:\/\/www.peches-mignons.fr\/?page_id=6399","title":{"rendered":"A propos"},"content":{"rendered":"<div class=\"wp-block-image\">\n<figure class=\"alignleft size-full\"><img loading=\"lazy\" decoding=\"async\" width=\"150\" height=\"185\" src=\"https:\/\/www.peches-mignons.fr\/wp-content\/uploads\/2022\/08\/avatar.jpg\" alt=\"\" class=\"wp-image-16133\"\/><\/figure>\n<\/div>\n\n\n<p>J&rsquo;ai ouvert ce blog le 20 Novembre 2007 et la cuisine pour moi \u00e9tait ma principale passion &#8211; Les al\u00e9as de la vie ont eu raison de la publication et en 2014 je me suis vraiment pos\u00e9 la question du devenir de ce blog. Mais mettre aux oubliettes presque 7 ans d&rsquo;existence me faisait mal au c\u0153ur, on s&rsquo;y attache !<\/p>\n\n\n\n<p>Pourquoi je ne continuais pas ? Le temps, l&rsquo;envie, et m\u00eame si je cuisine toujours, il faut \u00eatre de plus en plus pr\u00e9sent sur les r\u00e9seaux sociaux et parler de soi, personnellement je ne sais pas faire, d\u00e9voiler des \u00e9pisodes de ma vie encore moins ! Je me suis r\u00e9sign\u00e9e.<\/p>\n\n\n\n<p>Puis en septembre 2014 j&rsquo;ai d\u00e9couvert le scrapbooking, enfin une partie du scrapbooking, la carterie, une seconde passion est n\u00e9e. Elle est bien diff\u00e9rente de la premi\u00e8re elle ne se mange pas mais je suis devenue compl\u00e8tement accroc ! Avec le recul je m&rsquo;aper\u00e7ois qu&rsquo;elle ne prends pas moins de temps que la cuisine mais elle me permet de d\u00e9connecter sans prendre de kilos (lol) ! J&rsquo;ai donc d\u00e9cid\u00e9 de partager ce blog entre ces 2 passions, bon, je poste moins de cuisine que de cartes mais c&rsquo;est normal effet de nouveaut\u00e9 !<\/p>\n\n\n\n<p>J&rsquo;esp\u00e8re que pour celles qui me suivaient vous trouverez encore des raisons de me suivre et pour les scrappeuses des raisons de consulter mes articles et ma cuisine !<\/p>\n\n\n\n<p>Voil\u00e0 vous savez tout enfin presque !<\/p>\n\n\n\n<p>Bonne visite et merci&#8230;<\/p>\n\n\n\n<p><strong>Je suis l\u2019auteur, sauf mentions contraire, des articles, recettes et des photos, qui sont prot\u00e9g\u00e9s par copyright.<\/strong><\/p>\n\n\n\n<h5 class=\"wp-block-heading\"><em>Mise \u00e0 jour le 13\/08\/2015<\/em><\/h5>\n","protected":false},"excerpt":{"rendered":"<p>J&rsquo;ai ouvert ce blog le 20 Novembre 2007 et la cuisine pour moi \u00e9tait ma principale passion &#8211; Les al\u00e9as de la vie ont eu raison de la publication et en 2014 je me suis vraiment pos\u00e9 la question du devenir de ce blog. Mais mettre aux oubliettes presque 7 ans d&rsquo;existence me faisait mal &hellip;<\/p>\n","protected":false},"author":2,"featured_media":0,"parent":0,"menu_order":1,"comment_status":"closed","ping_status":"closed","template":"","meta":{"footnotes":""},"class_list":["post-6399","page","type-page","status-publish",""],"aioseo_notices":[],"_links":{"self":[{"href":"https:\/\/www.peches-mignons.fr\/index.php?rest_route=\/wp\/v2\/pages\/6399","targetHints":{"allow":["GET"]}}],"collection":[{"href":"https:\/\/www.peches-mignons.fr\/index.php?rest_route=\/wp\/v2\/pages"}],"about":[{"href":"https:\/\/www.peches-mignons.fr\/index.php?rest_route=\/wp\/v2\/types\/page"}],"author":[{"embeddable":true,"href":"https:\/\/www.peches-mignons.fr\/index.php?rest_route=\/wp\/v2\/users\/2"}],"replies":[{"embeddable":true,"href":"https:\/\/www.peches-mignons.fr\/index.php?rest_route=%2Fwp%2Fv2%2Fcomments&post=6399"}],"version-history":[{"count":8,"href":"https:\/\/www.peches-mignons.fr\/index.php?rest_route=\/wp\/v2\/pages\/6399\/revisions"}],"predecessor-version":[{"id":16135,"href":"https:\/\/www.peches-mignons.fr\/index.php?rest_route=\/wp\/v2\/pages\/6399\/revisions\/16135"}],"wp:attachment":[{"href":"https:\/\/www.peches-mignons.fr\/index.php?rest_route=%2Fwp%2Fv2%2Fmedia&parent=6399"}],"curies":[{"name":"wp","href":"https:\/\/api.w.org\/{rel}","templated":true}]}}